nder when 3815 is divided by 633?
17
Calculate the remainder when 168299 is divided by 47.
39
What is the remainder when 1268628 is divided by 482?
4
Calculate the remainder when 17526 is divided by 548.
538
Calculate the remainder when 375149 is divided by 306.
299
What is the remainder when 1298 is divided by 185?
3
What is the remainder when 16861 is divided by 8?
5
Calculate the remainder when 1437 is divided by 1430.
7
Calculate the remainder when 504575 is divided by 84094.
11
Calculate the remainder when 5857 is divided by 325.
7
Calculate the remainder when 885 is divided by 25.
10
Calculate the remainder when 143322 is divided by 143.
36
Calculate the remainder when 18696 is divided by 17.
13
Calculate the remainder when 535 is divided by 109.
99
Calculate the remainder when 121711 is divided by 621.
616
What is the remainder when 3273 is divided by 480?
393
What is the remainder when 19874 is divided by 31?
3
Calculate the remainder when 94134 is divided by 12.
6
Calculate the remainder when 526506 is divided by 59.
49
What is the remainder when 4156 is divided by 243?
25
What is the remainder when 1928 is divided by 7?
3
Calculate the remainder when 505280 is divided by 252636.
8
What is the remainder when 34483 is divided by 43?
40
What is the remainder when 597010 is divided by 23?
22
What is the remainder when 1031 is divided by 429?
173
What is the remainder when 3213 is divided by 545?
488
Calculate the remainder when 65570 is divided by 388.
386
Calculate the remainder when 22005 is divided by 5.
0
Calculate the remainder when 4117 is divided by 801.
112
Calculate the remainder when 30273 is divided by 15126.
21
What is the remainder when 7358 is divided by 30?
8
What is the remainder when 270525 is divided by 270517?
8
What is the remainder when 3537196 is divided by 126?
124
Calculate the remainder when 5115 is divided by 64.
59
What is the remainder when 15176 is divided by 12?
8
What is the remainder when 35876 is divided by 193?
171
Calculate the remainder when 10131 is divided by 78.
69
Calculate the remainder when 426922 is divided by 107.
99
Calculate the remainder when 5547 is divided by 2.
1
Calculate the remainder when 34873 is divided by 279.
277
What is the remainder when 47248 is divided by 164?
16
Calculate the remainder when 17149 is divided by 7.
6
What is the remainder when 25855 is divided by 6456?
31
What is the remainder when 3505 is divided by 228?
85
Calculate the remainder when 25371 is divided by 470.
461
Calculate the remainder when 1091 is divided by 141.
104
What is the remainder when 73572 is divided by 511?
499
Calculate the remainder when 1527646 is divided by 763822.
2
Calculate the remainder when 848 is divided by 314.
220
What is the remainder when 53022 is divided by 1362?
1266
Calculate the remainder when 505 is divided by 464.
41
Calculate the remainder when 3124 is divided by 1520.
84
Calculate the remainder when 8999 is divided by 1798.
9
Calculate the remainder when 22368 is divided by 349.
32
What is the remainder when 1066 is divided by 513?
40
What is the remainder when 665984 is divided by 37?
21
Calculate the remainder when 465241 is divided by 44.
29
What is the remainder when 1989827 is divided by 12?
11
What is the remainder when 37410 is divided by 1584?
978
Calculate the remainder when 2411 is divided by 477.
26
Calculate the remainder when 11613 is divided by 33.
30
Calculate the remainder when 539364 is divided by 29.
22
Calculate the remainder when 45376 is divided by 55.
1
What is the remainder when 23735 is divided by 2942?
199
Calculate the remainder when 1465041 is divided by 1465037.
4
What is the remainder when 14437 is divided by 20?
17
What is the remainder when 458903 is divided by 621?
605
What is the remainder when 71010 is divided by 41?
39
Calculate the remainder when 6739 is divided by 342.
241
Calculate the remainder when 1505 is divided by 137.
135
Calculate the remainder when 7459 is divided by 7420.
39
What is the remainder when 12277 is divided by 105?
97
Calculate the remainder when 6576 is divided by 2055.
411
Calculate the remainder when 10636 is divided by 66.
10
What is the remainder when 1643 is divided by 75?
68
Calculate the remainder when 100783 is divided by 107.
96
What is the remainder when 183068 is divided by 704?
28
Calculate the remainder when 5895 is divided by 37.
12
What is the remainder when 25260 is divided by 871?
1
Calculate the remainder when 29772 is divided by 29762.
10
Calculate the remainder when 7289 is divided by 525.
464
What is the remainder when 10482 is divided by 43?
33
Calculate the remainder when 16468 is divided by 10.
8
What is the remainder when 2311 is divided by 167?
140
Calculate the remainder when 20693 is divided by 398.
395
What is the remainder when 69413 is divided by 1262?
3
Calculate the remainder when 820944 is divided by 17.
14
Calculate the remainder when 4061 is divided by 20.
1
Calculate the remainder when 398 is divided by 31.
26
What is the remainder when 436799 is divided by 218384?
31
What is the remainder when 1989 is divided by 807?
375
Calculate the remainder when 814076 is divided by 160.
156
Calculate the remainder when 365753 is divided by 182875.
3
Calculate the remainder when 8953 is divided by 4.
1
What is the remainder when 7334 is divided by 897?
158
What is the remainder when 20194 is divided by 10088?
18
Calculate the remainder when 12654 is divided by 58.
10
Calculate the remainder when 72797 is divided by 11.
10
What is the remainder when 126716 is divided by 28?
16
Calculate the remainder when 106731 is divided by 5925.
81
Calculate the remainder when 16828 is divided by 263.
259
What is the remainder when 4326 is divided by 240?
6
Calculate the remainder when 85887 is divided by 198.
153
What is the remainder when 9436 is divided by 9425?
11
What is the remainder when 48199 is divided by 16063?
10
What is the remainder when 7794 is divided by 261?
225
Calculate the remainder when 39725 is divided by 16.
13
Calculate the remainder when 25218 is divided by 13.
11
Calculate the remainder when 6174 is divided by 156.
90
Calculate the remainder when 1992 is divided by 461.
148
What is the remainder when 16966 is divided by 14?
12
Calculate the remainder when 67776 is divided by 43.
8
Calculate the remainder when 273414 is divided by 239.
237
Calculate the remainder when 30792 is divided by 80.
72
Calculate the remainder when 81190 is divided by 1.
0
Calculate the remainder when 382317 is divided by 944.
941
What is the remainder when 913 is divided by 194?
137
What is the remainder when 6062 is divided by 277?
245
Calculate the remainder when 3828 is divided by 3783.
45
Calculate the remainder when 2397 is divided by 1345.
1052
What is the remainder when 31694 is divided by 56?
54
What is the remainder when 18181 is divided by 6052?
25
What is the remainder when 667517 is divided by 18041?
0
Calculate the remainder when 4027 is divided by 182.
23
What is the remainder when 5024 is divided by 410?
104
What is the remainder when 407991 is divided by 19?
4
What is the remainder when 460 is divided by 208?
44
What is the remainder when 186022 is divided by 5637?
1
What is the remainder when 163818 is divided by 75?
18
What is the remainder when 3628 is divided by 20?
8
What is the remainder when 880 is divided by 468?
412
What is the remainder when 122903 is divided by 63?
53
What is the remainder when 105285 is divided by 924?
873
Calculate the remainder when 1790 is divided by 129.
113
What is the remainder when 6472 is divided by 217?
179
What is the remainder when 8289 is divided by 4139?
11
What is the remainder when 170239 is divided by 1166?
3
Calculate the remainder when 1690 is divided by 282.
280
Calculate the remainder when 13060 is divided by 484.
476
What is the remainder when 25005 is divided by 8194?
423
What is the remainder when 524 is divided by 3?
2
What is the remainder when 6668 is divided by 16?
12
What is the remainder when 4728 is divided by 365?
348
What is the remainder when 31743 is divided by 13?
10
What is the remainder when 231329 is divided by 756?
749
Calculate the remainder when 12750 is divided by 423.
60
Calculate the remainder when 2888287 is divided